{"id":140,"date":"2024-11-28T08:54:33","date_gmt":"2024-11-28T08:54:33","guid":{"rendered":"https:\/\/geosfasplus.com\/?post_type=product&#038;p=140"},"modified":"2024-11-28T08:54:33","modified_gmt":"2024-11-28T08:54:33","slug":"tubos-termocontraibles-tubos-termocontraibles-de-aislamiento-de-diferentes-colores-y-medidas","status":"publish","type":"product","link":"https:\/\/geosfasplus.com\/?product=tubos-termocontraibles-tubos-termocontraibles-de-aislamiento-de-diferentes-colores-y-medidas","title":{"rendered":"Tubos Termocontra\u00edbles, Tubos Termocontra\u00edbles de Aislamiento de diferentes colores y medidas"},"content":{"rendered":"<p>Tubos Termocontra\u00edbles, Tubos Termocontra\u00edbles de Aislamiento de diferentes colores y medidas<img loading=\"lazy\" decoding=\"async\" src=\"https:\/\/geosfasplus.com\/wp-content\/uploads\/2024\/11\/tubostermocontraibles-300x241.jpg\" alt=\"\" width=\"300\" height=\"241\" class=\"alignnone size-medium wp-image-141\" srcset=\"https:\/\/geosfasplus.com\/wp-content\/uploads\/2024\/11\/tubostermocontraibles-300x241.jpg 300w, https:\/\/geosfasplus.com\/wp-content\/uploads\/2024\/11\/tubostermocontraibles-600x482.jpg 600w, https:\/\/geosfasplus.com\/wp-content\/uploads\/2024\/11\/tubostermocontraibles.jpg 689w\" sizes=\"auto, (max-width: 300px) 100vw, 300px\" \/><\/p>\n","protected":false},"excerpt":{"rendered":"<p>Tubos Termocontra\u00edbles, Tubos Termocontra\u00edbles de Aislamiento de diferentes colores y medidas<img loading=\"lazy\" decoding=\"async\" src=\"https:\/\/geosfasplus.com\/wp-content\/uploads\/2024\/11\/tubostermocontraibles-300x241.jpg\" alt=\"\" width=\"300\" height=\"241\" class=\"alignnone size-medium wp-image-141\" srcset=\"https:\/\/geosfasplus.com\/wp-content\/uploads\/2024\/11\/tubostermocontraibles-300x241.jpg 300w, https:\/\/geosfasplus.com\/wp-content\/uploads\/2024\/11\/tubostermocontraibles-600x482.jpg 600w, https:\/\/geosfasplus.com\/wp-content\/uploads\/2024\/11\/tubostermocontraibles.jpg 689w\" sizes=\"auto, (max-width: 300px) 100vw, 300px\" \/><\/p>\n","protected":false},"featured_media":141,"comment_status":"open","ping_status":"closed","template":"","meta":[],"product_brand":[],"product_cat":[28],"product_tag":[],"class_list":{"0":"post-140","1":"product","2":"type-product","3":"status-publish","4":"has-post-thumbnail","6":"product_cat-iot","8":"first","9":"instock","10":"taxable","11":"shipping-taxable","12":"purchasable","13":"product-type-simple"},"jetpack_sharing_enabled":true,"_links":{"self":[{"href":"https:\/\/geosfasplus.com\/index.php?rest_route=\/wp\/v2\/product\/140","targetHints":{"allow":["GET"]}}],"collection":[{"href":"https:\/\/geosfasplus.com\/index.php?rest_route=\/wp\/v2\/product"}],"about":[{"href":"https:\/\/geosfasplus.com\/index.php?rest_route=\/wp\/v2\/types\/product"}],"replies":[{"embeddable":true,"href":"https:\/\/geosfasplus.com\/index.php?rest_route=%2Fwp%2Fv2%2Fcomments&post=140"}],"wp:featuredmedia":[{"embeddable":true,"href":"https:\/\/geosfasplus.com\/index.php?rest_route=\/wp\/v2\/media\/141"}],"wp:attachment":[{"href":"https:\/\/geosfasplus.com\/index.php?rest_route=%2Fwp%2Fv2%2Fmedia&parent=140"}],"wp:term":[{"taxonomy":"product_brand","embeddable":true,"href":"https:\/\/geosfasplus.com\/index.php?rest_route=%2Fwp%2Fv2%2Fproduct_brand&post=140"},{"taxonomy":"product_cat","embeddable":true,"href":"https:\/\/geosfasplus.com\/index.php?rest_route=%2Fwp%2Fv2%2Fproduct_cat&post=140"},{"taxonomy":"product_tag","embeddable":true,"href":"https:\/\/geosfasplus.com\/index.php?rest_route=%2Fwp%2Fv2%2Fproduct_tag&post=140"}],"curies":[{"name":"wp","href":"https:\/\/api.w.org\/{rel}","templated":true}]}}